)/35*(84/(-16))/7?
26
Let j(w) = w**2 + 15*w - 11. Let f be j(-16). Let y(l) = 2*l**2 - 4*l + 9. What is the remainder when 113 is divided by y(f)?
35
Let f(z) = 2*z**3 - 4*z**2 - 28*z + 16. Let o(b) = 10*b**2 - 1. Suppose 0 = -x + 2*x + 1. What is the remainder when f(5) is divided by o(x)?
8
Let p(q) = -2*q - 7. Let x(y) = -3*y - 8. Let u(f) = 3*p(f) - 4*x(f). Calculate the remainder when u(6) is divided by (-4)/(-6)*(-225)/(-6).
22
Let a(j) = 87*j + 221. Calculate the remainder when 86 is divided by a(-2).
39
Let x(n) = -n**3 + 12*n**2 - 6*n - 13. Let l be x(11). Calculate the remainder when 51 is divided by 2/(-7) - (-390)/l.
6
Let c be 3/12 - 6723/(-36). Let m = 299 - c. Calculate the remainder when m is divided by 19.
17
Let g(r) = -r**3 + 4*r**2 - r - 2. Let a be g(2). Suppose 273 = 18*t - 5*t. What is the remainder when (-489)/(-6) - (-2)/a is divided by t?
19
Let s(a) = 26 + 23*a - 7 + 1 + 10. What is the remainder when s(5) is divided by 49?
47
Suppose 4*x = d - 10, 3*x + 2*x = -4*d + 40. Suppose 4*s = 4*p - 44, d*p - 2*s = 7*p + 29. Calculate the remainder when 41 is divided by p.
6
Suppose -6*z = 28*z - 646. What is the remainder when 65 is divided by z?
8
Let v = -1824 + 2183. Calculate the remainder when v is divided by 129.
101
Let n be 2698/15 - 3*4/(-90). Suppose 0 = 8*q - 13*q + n. Calculate the remainder when q is divided by 10.
6
Let w = -659 + 676. What is the remainder when 29 is divided by w?
12
Let a be (-1488)/15 - 8/10. Let s = a - -65. Let p = -20 - s. Calculate the remainder when 57 is divided by p.
12
Let x = -420 - -457. Calculate the remainder when 369 is divided by x.
36
Let f be 4/14 + (3968/(-56))/(-4). Suppose -f - 22 = -k. Calculate the remainder when k is divided by 21.
19
Let u(m) be the third derivative of -11*m**4/24 + 2*m**3/3 - 19*m**2. Calculate the remainder when u(-6) is divided by 15.
10
Suppose -238 = 22*t - 590. What is the remainder when t is divided by 9?
7
Suppose 0 = -a + 3*t + 146, -5*t + 480 = 6*a - 3*a. What is the remainder when a is divided by 78?
77
Let w = 27 - -19. What is the remainder when w is divided by 33?
13
Let z = -1738 + 1936. Suppose 4*a - 4*x - 80 = -3*x, 4*x = a - 20. Calculate the remainder when z is divided by a.
18
Let x be (2 - -6)/(1/5). Let s = -25 + x. Suppose 2*u - 2*w = -u + 31, -s = 3*w. Calculate the remainder when u is divided by 5.
2
Suppose 4*v - 10*v + 270 = 0. Let g = v + -28. Calculate the remainder when g is divided by 9.
8
Suppose 8 = -5*u - 37. Suppose 5*q - 35 = 3*n, -6*q = -2*q - 3*n - 31. Let m = q - u. Calculate the remainder when 37 is divided by m.
11
Suppose 26 - 3 = v. Suppose -2*c - 18 = -2*x, 5*x - 42 = c + 3*c. Suppose 21 = 3*u + z, -4*u + 3*z + 33 = x*z. What is the remainder when v is divided by u?
5
Let i(q) = -106*q + 748. What is the remainder when 1815 is divided by i(7)?
3
Suppose 96*a - 11391 = 1665. Calculate the remainder when 403 is divided by a.
131
What is the remainder when 228 is divided by (0 + 7/(-21))*-93?
11
Let g = 9 + 36. What is the remainder when g is divided by 19?
7
Let g = 187 + -76. Suppose g + 77 = 2*a. Calculate the remainder when a is divided by 20.
14
Let c(x) = -4*x + 100. Calculate the remainder when c(15) is divided by 18.
4
Let t(q) = -4*q**3 - q**2 - 3*q - 11. Suppose 0 = -a + 31 + 11. What is the remainder when a is divided by t(-2)?
19
Let u(r) = 3*r + 12. Let w be u(6). Suppose -w = -t - t. What is the remainder when 55 is divided by t?
10
Suppose 8*a + 75 = 27. Let m(p) = p**2 + 4*p + 4. What is the remainder when 30 is divided by m(a)?
14
Suppose -2*l + 25 = 2*j + 3*l, 0 = -5*j - 4*l + 37. Calculate the remainder when 19 is divided by j.
4
Let h = -364 - -410. What is the remainder when 228 is divided by h?
44
Suppose -5*f = -6*f + 6. Suppose 8*l - 10 = f*l. Suppose -l*t + 90 = 5*c, -7*t + 5*c = -2*t - 50. Calculate the remainder when t is divided by 5.
4
Let r be (4 + (0 - 5))/(-1). Calculate the remainder when 59 is divided by (-40*3/(-6))/r.
19
Suppose -12*k = -147 - 105. What is the remainder when 77 is divided by k?
14
Suppose 10*q - 36 = 9*q + s, 2*q + 2*s = 84. Calculate the remainder when 282 is divided by q.
9
Let t = 83 - -29. Calculate the remainder when 431 is divided by t.
95
Let z(a) = -a + 14. Let x be z(5). Suppose 14*q = x*q + 20. What is the remainder when 10 is divided by q?
2
Let t be 18 - ((0 - 1) + 1). Let g(z) = 4*z - 28. Let n be g(7). What is the remainder when 1*t - (n + 2) is divided by 9?
7
Let i = -135 - -279. What is the remainder when i is divided by 50?
44
Let o = 36 - 36. Suppose 2*k + 2*s + 33 - 151 = o, 5*k - 295 = 3*s. Calculate the remainder when k is divided by 31.
28
Let o = -46 + 24. Let r = 3 - o. Suppose -2*c + r = -23. Calculate the remainder when c is divided by 13.
11
Suppose 0 = 5*y + 25, -3*y - 5 = -2*v + 62. Calculate the remainder when 72 is divided by v.
20
Suppose -3*m = 5*h - 6, -3*h - 30 = 2*m - 5*m. Suppose -11 = -14*f + 13*f. Calculate the remainder when f is divided by m.
4
Calculate the remainder when (369/(-72) - -5) + (-3970)/(-16) is divided by 64.
56
Calculate the remainder when 57 is divided by -37 + 56 - 5/(-1).
9
Suppose h - 108 = -h - 2*k, -2*k = 5*h - 261. What is the remainder when h is divided by -1 - (16/4 - 23)?
15
Suppose -416 = 12*m - 4040. Calculate the remainder when m is divided by 8.
6
Let j be (1 + 2 + -2)*(8 - 15). Let z(p) = -11*p - 21. What is the remainder when z(j) is divided by 184/10 + (-6)/(-10)?
18
What is the remainder when 30802/16 + (-117)/936 is divided by 18?
17
Let j(r) = -r**3 + 6*r**2 - 5*r - 2. Let k = -15 - -19. Calculate the remainder when 27 is divided by j(k).
7
Suppose 14*s = -4*r + 12*s + 270, 4*r - 2*s - 266 = 0. What is the remainder when 254 is divided by r?
53
Calculate the remainder when 166 is divided by (-446)/(-10) - (36/(-30))/3.
31
Calculate the remainder when 3/(-2)*(-2502)/27 is divided by 28.
27
Let b = -23 - -32. Suppose -26 + 1 = -5*t. Suppose -2*g - 38 = -3*c + c, 0 = t*c + 3*g - 71. What is the remainder when c is divided by b?
7
What is the remainder when 455 is divided by 151/4 - (-46)/184?
37
Let m(h) = -2*h**3 - 14*h**2 - 11*h + 16. Let d be m(-11). Suppose 5*c - 18*c + d = 0. Calculate the remainder when c is divided by 15.
10
Suppose 4*n = -62 + 522. Let w = 162 - n. What is the remainder when w is divided by 10?
7
Suppose -3*m + 4*m + 3*l - 3 = 0, 5*m + 65 = l. Calculate the remainder when (m*1)/(-3) - -143 is divided by 37.
36
Suppose v - 8*v + 217 = 0. What is the remainder when ((-3)/((-3)/(-7)))/(v/(-279)) is divided by 22?
19
Calculate the remainder when 1304 is divided by (3/2)/(150/3100) + -2.
28
Calculate the remainder when 307 is divided by (12 - 18)*(-15)/9.
7
Suppose 0 = -2*r - 15 + 1. Let m(c) = -c**3 - 7*c**2 - 6*c - 15. Calculate the remainder when m(r) is divided by 17.
10
Let a be 70/21*(-18)/(-15). Let o = -3 - -7. Suppose 229 = 3*l - 4*c, c = o*l + a*c - 347. Calculate the remainder when l is divided by 21.
20
Let u(s) = -s**2 + 14*s - 8. What is the remainder when 2/(3 - 20/7) is divided by u(13)?
4
Let d(x) = -95*x - 78. What is the remainder when 118 is divided by d(-1)?
16
Let o = 1016 - 989. Calculate the remainder when 198 is divided by o.
9
Let t be (-3)/2*(-20)/15. What is the remainder when (141/6)/(1/2) is divided by (-126)/(-8) - t/(-8)?
15
Suppose r + 5*m - 377 = 44, 3*r - 1301 = 4*m. Calculate the remainder when r is divided by 62.
59
Let k(q) = -q**3 - 3*q**2 - 3. Let h be k(-3). Let r = -11 + h. Let u = r + 24. What is the remainder when 38 is divided by u?
8
Calculate the remainder when 7/((-392)/854)*(1 + -9) is divided by 42.
38
Let x(n) = -n**3 - 4*n**2 + 5. Let y = 2 - 6. Let o = 12274 + -12265. What is the remainder when o is divided by x(y)?
4
Let h be (-222)/(-9) - (-4)/12. What is the remainder when 14 is divided by 72/15 - (-5)/h?
4
Suppose 4*s - 660 = -2*s. Calculate the remainder when s is divided by 8.
6
Let j = 22 + -5. What is the remainder when 79 is divided by j?
11
Let d = 29 - 17. Let v = -489 - -520. What is the remainder when v is divided by d?
7
Let s be ((-8)/6)/(((-25)/(-15))/5). What is the remainder when s/28 - (-282)/14 is divided by 6?
2
Let c(x) = -6*x - 7. Let t be c(-4). Let k = 25 - t. What is the remainder whe